base 2) to base 12
629
Convert cc93 (base 13) to base 2.
110111101100000
450 (base 14) to base 13
509
What is 56220 (base 7) in base 12?
8253
What is 27014 (base 8) in base 9?
17147
Convert 189 (base 11) to base 3.
22002
Convert 2052 (base 6) to base 12.
328
What is 102212 (base 3) in base 2?
101000000
Convert 44251 (base 7) to base 16.
2b66
What is -2212111 (base 4) in base 14?
-3c45
What is -2121200 (base 3) in base 15?
-873
19385 (base 11) to base 5
1331301
Convert -28771 (base 10) to base 2.
-111000001100011
Convert 467 (base 12) to base 3.
220021
What is -ea (base 15) in base 8?
-334
Convert 122210 (base 4) to base 14.
896
-1006 (base 8) to base 7
-1340
What is -57c (base 14) in base 10?
-1090
2741 (base 9) to base 6
13314
Convert 34515 (base 8) to base 16.
394d
What is -10011001010 (base 2) in base 5?
-14401
-110001011001 (base 2) to base 7
-12134
What is 2c5 (base 14) in base 8?
1065
Convert 155 (base 13) to base 5.
1424
Convert -6796 (base 11) to base 2.
-10001011101010
5650 (base 8) to base 5
43414
Convert 95 (base 10) to base 13.
74
What is 21e3 (base 16) in base 15?
2885
54377 (base 8) to base 11
16132
What is 12220 (base 6) in base 10?
1812
Convert 5012 (base 15) to base 5.
1020032
1434 (base 10) to base 4
112122
What is 41424 (base 5) in base 11?
2070
What is -1102 (base 4) in base 6?
-214
-1a7c (base 14) to base 13
-2264
Convert 10011101100110 (base 2) to base 4.
2131212
What is 910 (base 13) in base 9?
2084
What is 1081 (base 16) in base 9?
5714
Convert 3043 (base 6) to base 5.
10200
Convert 10100010 (base 2) to base 16.
a2
Convert 11461 (base 8) to base 12.
2a15
Convert -783e (base 15) to base 2.
-110001110001100
-b4d0 (base 16) to base 6
-554144
What is -235 (base 10) in base 16?
-eb
Convert -2311031 (base 4) to base 11.
-8793
What is -450202 (base 7) in base 3?
-11000211021
-1b9 (base 15) to base 10
-399
Convert 4c5 (base 13) to base 11.
6a1
Convert 9aa (base 15) to base 13.
cc1
What is 1833 (base 13) in base 11?
2775
Convert -b097 (base 12) to base 9.
-28207
What is 230042 (base 6) in base 9?
28628
What is 4114320 (base 5) in base 13?
24562
What is -1274 (base 11) in base 5?
-23104
What is -34520 (base 6) in base 3?
-20210010
-31 (base 16) to base 4
-301
-5342 (base 10) to base 2
-1010011011110
101001000111 (base 2) to base 6
20103
What is 28a9 (base 13) in base 5?
142020
-11033122 (base 4) to base 14
-7b74
Convert -3090 (base 16) to base 15.
-3a3c
What is 16ed (base 16) in base 4?
1123231
What is 6015 (base 10) in base 14?
2299
What is -26cb (base 14) in base 7?
-25644
Convert 201021122 (base 3) to base 2.
11011011101001
Convert -1176 (base 10) to base 2.
-10010011000
-536 (base 7) to base 3
-101002
Convert 66aa (base 12) to base 10.
11362
-362 (base 13) to base 15
-292
Convert -20021211 (base 3) to base 12.
-27a1
Convert -61564 (base 10) to base 15.
-13394
Convert -a50 (base 14) to base 12.
-1212
What is 290 (base 13) in base 7?
1220
3013 (base 8) to base 7
4340
Convert -5110 (base 8) to base 13.
-1276
1010110001 (base 2) to base 6
3105
What is -533 (base 13) in base 14?
-475
1675 (base 11) to base 3
2221020
115606 (base 8) to base 6
504154
What is 13181 (base 11) in base 14?
6c20
What is -12b (base 15) in base 8?
-412
Convert 14265 (base 7) to base 10.
3918
What is 11200030 (base 4) in base 5?
1210130
What is 2154 (base 9) in base 4?
120310
What is -1100000011101010 (base 2) in base 14?
-13dd8
14 (base 5) to base 15
9
What is 2144 (base 5) in base 11?
252
What is 20561 (base 13) in base 3?
2221121212
Convert 479 (base 11) to base 4.
20322
1001100001 (base 2) to base 3
211120
Convert 1681 (base 15) to base 6.
34234
What is 1a5 (base 12) in base 9?
328
What is -311041 (base 5) in base 16?
-27a2
Convert -562 (base 10) to base 2.
-1000110010
Convert 20454 (base 8) to base 12.
4ab8
What is 2912 (base 10) in base 6?
21252
-29a4 (base 13) to base 14
-22c1
-3401 (base 8) to base 11
-1390
Convert 1dd7 (base 16) to base 5.
221024
Convert -5527 (base 11) to base 3.
-100222222
Convert 10432 (base 8) to base 11.
3320
Convert 352 (base 7) to base 8.
270
Convert -13dc (base 15) to base 7.
-15261
Convert -1141101 (base 6) to base 12.
-2a791
What is -1885 (base 9) in base 16?
-5ae
Convert 1f (base 16) to base 4.
133
Convert 55100 (base 6) to base 9.
11370
-114016 (base 8) to base 11
-27278
-7843 (base 13) to base 12
-986a
Convert 853 (base 9) to base 8.
1270
What is -422 (base 13) in base 11?
-590
What is 36156 (base 9) in base 14?
8b5b
-4132 (base 15) to base 3
-200220002
Convert 345 (base 13) to base 10.
564
Convert -11003 (base 8) to base 7.
-16305
-10011101110111 (base 2) to base 14
-3979
-61747 (base 8) to base 5
-1304300
What is -334 (base 7) in base 15?
-b7
Convert 7129 (base 10) to base 4.
1233121
What is 52da (base 14) in base 6?
150120
Convert 341e (base 15) to base 5.
323204
Convert 28957 (base 11) to base 2.
1010000001111001
What is -289 (base 15) in base 13?
-357
2112220 (base 3) to base 9
2486
What is -29802 (base 10) in base 16?
-746a
What is 1215 (base 7) in base 3?
121210
Convert 2977 (base 13) to base 10.
6013
23103 (base 4) to base 7
2052
-11222 (base 3) to base 15
-8e
What is -2042 (base 5) in base 7?
-536
1153022 (base 6) to base 7
344342
1231 (base 5) to base 16
bf
9c09 (base 16) to base 3
2000210110
What is -11251 (base 10) in base 6?
-124031
27c (base 15) to base 4
20313
Convert -118f (base 16) to base 13.
-207a
What is -1843 (base 9) in base 3?
-1221110
Convert 413 (base 8) to base 7.
531
Convert 124244 (base 5) to base 6.
34525
Convert -16651 (base 8) to base 16.
-1da9
Convert -21541 (base 6) to base 15.
-d5d
Convert -1873 (base 9) to base 16.
-5a3
1321 (base 6) to base 3
110111
Convert 6557 (base 10) to base 15.
1e22
-224 (base 9) to base 2
-10111000
Convert -1210 (base 7) to base 16.
-1c0
What is 3201 (base 10) in base 5?
100301
Convert 34023 (base 5) to base 15.
a93
Convert -8a0 (base 15) to base 4.
-132132
What is 22170 (base 10) in base 7?
121431
What is -330430 (base 6) in base 11?
-1962a
Convert -4305 (base 11) to base 2.
-1011000111100
Convert -87cd (base 14) to base 5.
-1223010
Convert -110313 (base 4) to base 6.
-10103
Convert -232 (base 12) to base 2.
-101000110
Convert -3135 (base 7) to base 13.
-66c
-1110101101 (base 2) to base 7
-2513
What is -4168 (base 13) in base 15?
-2a2d
What is -1301 (base 6) in base 9?
-401
What is 111002 (base 6) in base 4?
2101022
1429b (base 13) to base 16
93b7
What is 1 (base 12) in base 6?
1
-c60 (base 13) to base 7
-6066
What is -25415 (base 6) in base 11?
-296a
Convert 103 (base 15) to base 2.
11100100
1135 (base 10) to base 9
1501
Convert -243 (base 6) to base 2.
-1100011
1391 (base 12) to base 3
10010001
Convert 57a (base 15) to base 12.
874
What is 226602 (base 7) in base 2?
1001111101000010
What is -10000111 (base 2) in base 3?
-12000
-11111011110 (base 2) to base 4
-133132
-2a80 (base 14) to base 12
-4460
What is -100201220 (base 3) in base 10?
-7098
Convert 79a (base 12) to base 13.
688
What is -212224 (base 7) in base 5?
-2134232
What is 3547 (base 8) in base 6?
12435
-3987 (base 12) to base 8
-14667
-ca51 (base 14) to base 15
-a559
1306 (base 7) to base 2
111110000
Convert 2021204 (base 5) to base 4.
13332213
Convert -1111111110 (base 2) to base 10.
-1022
-21130 (base 4) to base 9
-741
What is -7867 (base 9) in base 13?
-2851
11211212 (base 3) to base 7
13205
51505 (base 6) to base 7
26030
What is 1894 (base 12) in base 5?
43432
668 (base 10) to base 3
220202
Convert -2130224 (base 5) to base 3.
-1211210222
16671 (base 8) to base 9
11384
What is -100000110 (base 2) in base 9?
-321
What is 2103313 (base 4) in base 5?
300323
Convert 68 (base 14) to base 15.
62
Convert 78e8 (base 15) to base 7.
134522
-750 (base 8) to base 11
-404
Convert -1000000100100010 (base 2) to base 8.
-100442
201020 (base 3) to base 10
519
Convert -1874 (base 11) to base 4.
-211030
Convert -12111 (base 4) to base 11.
-339
Convert 1888 (base 10) to base 8.
3540
752 (base 8) to base 4
13222
What is 40635 (base 7) in base 9?
14546
What is 591b (base 15) in base 10?
18926
What is -37 (base 10) in base 7?
-52
What is -27a (base 15) in base 3?
-202221
What is -2311020 (base 4) in base 6?
-125400
What is 2151 (base 8) in base 4?
101221
What is -122111000 (base 3) in base 11?
-9636
Convert 29